{"id":13,"date":"2025-09-27T15:58:55","date_gmt":"2025-09-27T13:58:55","guid":{"rendered":"http:\/\/carbonx.cluster021.hosting.ovh.net\/?page_id=13"},"modified":"2025-10-07T22:05:05","modified_gmt":"2025-10-07T20:05:05","slug":"la-charte-de-lelu-carbonnais","status":"publish","type":"page","link":"https:\/\/www.carbonne-autrement.fr\/campagne-2026\/la-charte-de-lelu-carbonnais\/","title":{"rendered":"La charte de l&rsquo;\u00e9lu Carbonnais"},"content":{"rendered":"\n<h2 class=\"wp-block-heading\">Principes<\/h2>\n\n\n\n<ol class=\"wp-block-list\">\n<li>L&rsquo;\u00e9lu local exerce ses fonctions avec impartialit\u00e9, diligence, dignit\u00e9, probit\u00e9 et int\u00e9grit\u00e9.<\/li>\n\n\n\n<li>Dans l&rsquo;exercice de son mandat, l&rsquo;\u00e9lu local poursuit le seul int\u00e9r\u00eat g\u00e9n\u00e9ral, \u00e0 l&rsquo;exclusion de tout int\u00e9r\u00eat qui lui soit personnel, directement ou indirectement, ou de tout autre int\u00e9r\u00eat particulier.<\/li>\n\n\n\n<li>L&rsquo;\u00e9lu local veille \u00e0 pr\u00e9venir ou \u00e0 faire cesser imm\u00e9diatement tout conflit d&rsquo;int\u00e9r\u00eats. Lorsque ses int\u00e9r\u00eats personnels sont en cause dans les affaires soumises \u00e0 l&rsquo;organe d\u00e9lib\u00e9rant dont il est membre, l&rsquo;\u00e9lu local s&rsquo;engage \u00e0 les faire conna\u00eetre avant le d\u00e9bat et le vote.<\/li>\n\n\n\n<li>L&rsquo;\u00e9lu local s&rsquo;engage \u00e0 ne pas utiliser les ressources et les moyens mis \u00e0 sa disposition pour l&rsquo;exercice de son mandat ou de ses fonctions \u00e0 d&rsquo;autres fins.<\/li>\n\n\n\n<li>Dans l&rsquo;exercice de ses fonctions, l&rsquo;\u00e9lu local s&rsquo;abstient de prendre des mesures lui accordant un avantage personnel ou professionnel futur apr\u00e8s la cessation de son mandat et de ses fonctions.<\/li>\n\n\n\n<li>L&rsquo;\u00e9lu local participe avec assiduit\u00e9 aux r\u00e9unions de l&rsquo;organe d\u00e9lib\u00e9rant et des instances au sein desquelles il a \u00e9t\u00e9 d\u00e9sign\u00e9.<\/li>\n\n\n\n<li>Issu du suffrage universel, l&rsquo;\u00e9lu local est et reste responsable de ses actes pour la dur\u00e9e de son mandat devant l&rsquo;ensemble des citoyens de la collectivit\u00e9 territoriale, \u00e0 qui il rend compte des actes et d\u00e9cisions pris dans le cadre de ses fonctions. \u00bb ;<\/li>\n<\/ol>\n\n\n\n<h2 class=\"wp-block-heading\">Objectifs de la liste citoyenne : <\/h2>\n\n\n\n<h3 class=\"wp-block-heading\">Outils mis en place<\/h3>\n\n\n\n<p>Pr\u00e9ambule : Il est d\u00e9cid\u00e9 qu\u2019une d\u00e9l\u00e9gation \u00e0 la participation citoyenne sera cr\u00e9\u00e9. Cette d\u00e9l\u00e9gation comprendra aussi l\u2019\u00e9thique et la lutte contre la corruption. Le d\u00e9l\u00e9gu\u00e9 aura la charge de veiller \u00e0 l\u2019application de cette charte et de ces outils en particulier.<\/p>\n\n\n\n<h3 class=\"wp-block-heading\">Disponibilit\u00e9 des \u00e9lus<\/h3>\n\n\n\n<ul class=\"wp-block-list\">\n<li>Avoir un maire qui n\u2019exerce ni mandat d\u00e9partemental, r\u00e9gional ou national, \u00e9tant entendu qu\u2019il<br \/>n\u2019effectuera pas plus de deux mandats cons\u00e9cutifs.<\/li>\n\n\n\n<li>Moduler le montant des indemnit\u00e9s allou\u00e9es aux conseillers municipaux en fonction de leur<br \/>participation effective aux s\u00e9ances pl\u00e9ni\u00e8res (Absences non excus\u00e9es).<\/li>\n<\/ul>\n\n\n\n<h3 class=\"wp-block-heading\">Pr\u00e9vention des conflits d\u2019int\u00e9r\u00eats<\/h3>\n\n\n\n<ul class=\"wp-block-list\">\n<li>Pour toute d\u00e9cision municipale, la question des conflits d\u2019int\u00e9r\u00eats potentiels sera envisag\u00e9e,<br \/>examin\u00e9e et analys\u00e9e (Exemple, classique \u00e0 Carbonne, des subventions aux associations).<\/li>\n\n\n\n<li>Le d\u00e9l\u00e9gu\u00e9 \u00e0 la participation citoyenne sera aussi r\u00e9f\u00e9rent d\u00e9ontologue.<\/li>\n\n\n\n<li>D\u00e9velopper des formations d\u00e9ontologiques adapt\u00e9es aux risques propres de chaque service<br \/>municipal.<\/li>\n\n\n\n<li>Interdire aux \u00e9lus et aux agents publics d\u2019accepter personnellement tout cadeau ou avantage<br \/>d\u2019une entreprise.<\/li>\n<\/ul>\n","protected":false},"excerpt":{"rendered":"<p>Principes Objectifs de la liste citoyenne : Outils mis en place Pr\u00e9ambule : Il est d\u00e9cid\u00e9 qu\u2019une d\u00e9l\u00e9gation \u00e0 la participation citoyenne sera cr\u00e9\u00e9. Cette d\u00e9l\u00e9gation comprendra aussi l\u2019\u00e9thique et la lutte contre la corruption. Le d\u00e9l\u00e9gu\u00e9 aura la charge de veiller \u00e0 l\u2019application de cette charte et de ces outils en particulier. Disponibilit\u00e9 des [&hellip;]<\/p>\n","protected":false},"author":1,"featured_media":0,"parent":0,"menu_order":0,"comment_status":"closed","ping_status":"closed","template":"","meta":{"footnotes":""},"class_list":["post-13","page","type-page","status-publish","hentry"],"yoast_head":"<!-- This site is optimized with the Yoast SEO plugin v27.2 - https:\/\/yoast.com\/product\/yoast-seo-wordpress\/ -->\n<title>La charte de l&#039;\u00e9lu Carbonnais - Campagne municipales 2026<\/title>\n<meta name=\"robots\" content=\"index, follow, max-snippet:-1, max-image-preview:large, max-video-preview:-1\" \/>\n<link rel=\"canonical\" href=\"https:\/\/www.carbonne-autrement.fr\/campagne-2026\/la-charte-de-lelu-carbonnais\/\" \/>\n<meta property=\"og:locale\" content=\"fr_FR\" \/>\n<meta property=\"og:type\" content=\"article\" \/>\n<meta property=\"og:title\" content=\"La charte de l&#039;\u00e9lu Carbonnais - Campagne municipales 2026\" \/>\n<meta property=\"og:description\" content=\"Principes Objectifs de la liste citoyenne : Outils mis en place Pr\u00e9ambule : Il est d\u00e9cid\u00e9 qu\u2019une d\u00e9l\u00e9gation \u00e0 la participation citoyenne sera cr\u00e9\u00e9. Cette d\u00e9l\u00e9gation comprendra aussi l\u2019\u00e9thique et la lutte contre la corruption. Le d\u00e9l\u00e9gu\u00e9 aura la charge de veiller \u00e0 l\u2019application de cette charte et de ces outils en particulier. Disponibilit\u00e9 des [&hellip;]\" \/>\n<meta property=\"og:url\" content=\"https:\/\/www.carbonne-autrement.fr\/campagne-2026\/la-charte-de-lelu-carbonnais\/\" \/>\n<meta property=\"og:site_name\" content=\"Campagne municipales 2026\" \/>\n<meta property=\"article:modified_time\" content=\"2025-10-07T20:05:05+00:00\" \/>\n<meta name=\"twitter:card\" content=\"summary_large_image\" \/>\n<meta name=\"twitter:label1\" content=\"Dur\u00e9e de lecture estim\u00e9e\" \/>\n\t<meta name=\"twitter:data1\" content=\"2 minutes\" \/>\n<script type=\"application\/ld+json\" class=\"yoast-schema-graph\">{\"@context\":\"https:\/\/schema.org\",\"@graph\":[{\"@type\":\"WebPage\",\"@id\":\"https:\/\/www.carbonne-autrement.fr\/campagne-2026\/la-charte-de-lelu-carbonnais\/\",\"url\":\"https:\/\/www.carbonne-autrement.fr\/campagne-2026\/la-charte-de-lelu-carbonnais\/\",\"name\":\"La charte de l'\u00e9lu Carbonnais - Campagne municipales 2026\",\"isPartOf\":{\"@id\":\"https:\/\/www.carbonne-autrement.fr\/campagne-2026\/#website\"},\"datePublished\":\"2025-09-27T13:58:55+00:00\",\"dateModified\":\"2025-10-07T20:05:05+00:00\",\"breadcrumb\":{\"@id\":\"https:\/\/www.carbonne-autrement.fr\/campagne-2026\/la-charte-de-lelu-carbonnais\/#breadcrumb\"},\"inLanguage\":\"fr-FR\",\"potentialAction\":[{\"@type\":\"ReadAction\",\"target\":[\"https:\/\/www.carbonne-autrement.fr\/campagne-2026\/la-charte-de-lelu-carbonnais\/\"]}]},{\"@type\":\"BreadcrumbList\",\"@id\":\"https:\/\/www.carbonne-autrement.fr\/campagne-2026\/la-charte-de-lelu-carbonnais\/#breadcrumb\",\"itemListElement\":[{\"@type\":\"ListItem\",\"position\":1,\"name\":\"Accueil\",\"item\":\"https:\/\/www.carbonne-autrement.fr\/campagne-2026\/\"},{\"@type\":\"ListItem\",\"position\":2,\"name\":\"La charte de l&rsquo;\u00e9lu Carbonnais\"}]},{\"@type\":\"WebSite\",\"@id\":\"https:\/\/www.carbonne-autrement.fr\/campagne-2026\/#website\",\"url\":\"https:\/\/www.carbonne-autrement.fr\/campagne-2026\/\",\"name\":\"Campagne municipales 2026\",\"description\":\"Liste citoyenne sans \u00e9tiquette politique\",\"publisher\":{\"@id\":\"https:\/\/www.carbonne-autrement.fr\/campagne-2026\/#organization\"},\"potentialAction\":[{\"@type\":\"SearchAction\",\"target\":{\"@type\":\"EntryPoint\",\"urlTemplate\":\"https:\/\/www.carbonne-autrement.fr\/campagne-2026\/?s={search_term_string}\"},\"query-input\":{\"@type\":\"PropertyValueSpecification\",\"valueRequired\":true,\"valueName\":\"search_term_string\"}}],\"inLanguage\":\"fr-FR\"},{\"@type\":\"Organization\",\"@id\":\"https:\/\/www.carbonne-autrement.fr\/campagne-2026\/#organization\",\"name\":\"Campagne municipales 2026\",\"url\":\"https:\/\/www.carbonne-autrement.fr\/campagne-2026\/\",\"logo\":{\"@type\":\"ImageObject\",\"inLanguage\":\"fr-FR\",\"@id\":\"https:\/\/www.carbonne-autrement.fr\/campagne-2026\/#\/schema\/logo\/image\/\",\"url\":\"https:\/\/www.carbonne-autrement.fr\/campagne-2026\/wp-content\/uploads\/sites\/2\/2025\/09\/carbonne-autrement-transparence.png\",\"contentUrl\":\"https:\/\/www.carbonne-autrement.fr\/campagne-2026\/wp-content\/uploads\/sites\/2\/2025\/09\/carbonne-autrement-transparence.png\",\"width\":1200,\"height\":349,\"caption\":\"Campagne municipales 2026\"},\"image\":{\"@id\":\"https:\/\/www.carbonne-autrement.fr\/campagne-2026\/#\/schema\/logo\/image\/\"}}]}<\/script>\n<!-- \/ Yoast SEO plugin. -->","yoast_head_json":{"title":"La charte de l'\u00e9lu Carbonnais - Campagne municipales 2026","robots":{"index":"index","follow":"follow","max-snippet":"max-snippet:-1","max-image-preview":"max-image-preview:large","max-video-preview":"max-video-preview:-1"},"canonical":"https:\/\/www.carbonne-autrement.fr\/campagne-2026\/la-charte-de-lelu-carbonnais\/","og_locale":"fr_FR","og_type":"article","og_title":"La charte de l'\u00e9lu Carbonnais - Campagne municipales 2026","og_description":"Principes Objectifs de la liste citoyenne : Outils mis en place Pr\u00e9ambule : Il est d\u00e9cid\u00e9 qu\u2019une d\u00e9l\u00e9gation \u00e0 la participation citoyenne sera cr\u00e9\u00e9. Cette d\u00e9l\u00e9gation comprendra aussi l\u2019\u00e9thique et la lutte contre la corruption. Le d\u00e9l\u00e9gu\u00e9 aura la charge de veiller \u00e0 l\u2019application de cette charte et de ces outils en particulier. Disponibilit\u00e9 des [&hellip;]","og_url":"https:\/\/www.carbonne-autrement.fr\/campagne-2026\/la-charte-de-lelu-carbonnais\/","og_site_name":"Campagne municipales 2026","article_modified_time":"2025-10-07T20:05:05+00:00","twitter_card":"summary_large_image","twitter_misc":{"Dur\u00e9e de lecture estim\u00e9e":"2 minutes"},"schema":{"@context":"https:\/\/schema.org","@graph":[{"@type":"WebPage","@id":"https:\/\/www.carbonne-autrement.fr\/campagne-2026\/la-charte-de-lelu-carbonnais\/","url":"https:\/\/www.carbonne-autrement.fr\/campagne-2026\/la-charte-de-lelu-carbonnais\/","name":"La charte de l'\u00e9lu Carbonnais - Campagne municipales 2026","isPartOf":{"@id":"https:\/\/www.carbonne-autrement.fr\/campagne-2026\/#website"},"datePublished":"2025-09-27T13:58:55+00:00","dateModified":"2025-10-07T20:05:05+00:00","breadcrumb":{"@id":"https:\/\/www.carbonne-autrement.fr\/campagne-2026\/la-charte-de-lelu-carbonnais\/#breadcrumb"},"inLanguage":"fr-FR","potentialAction":[{"@type":"ReadAction","target":["https:\/\/www.carbonne-autrement.fr\/campagne-2026\/la-charte-de-lelu-carbonnais\/"]}]},{"@type":"BreadcrumbList","@id":"https:\/\/www.carbonne-autrement.fr\/campagne-2026\/la-charte-de-lelu-carbonnais\/#breadcrumb","itemListElement":[{"@type":"ListItem","position":1,"name":"Accueil","item":"https:\/\/www.carbonne-autrement.fr\/campagne-2026\/"},{"@type":"ListItem","position":2,"name":"La charte de l&rsquo;\u00e9lu Carbonnais"}]},{"@type":"WebSite","@id":"https:\/\/www.carbonne-autrement.fr\/campagne-2026\/#website","url":"https:\/\/www.carbonne-autrement.fr\/campagne-2026\/","name":"Campagne municipales 2026","description":"Liste citoyenne sans \u00e9tiquette politique","publisher":{"@id":"https:\/\/www.carbonne-autrement.fr\/campagne-2026\/#organization"},"potentialAction":[{"@type":"SearchAction","target":{"@type":"EntryPoint","urlTemplate":"https:\/\/www.carbonne-autrement.fr\/campagne-2026\/?s={search_term_string}"},"query-input":{"@type":"PropertyValueSpecification","valueRequired":true,"valueName":"search_term_string"}}],"inLanguage":"fr-FR"},{"@type":"Organization","@id":"https:\/\/www.carbonne-autrement.fr\/campagne-2026\/#organization","name":"Campagne municipales 2026","url":"https:\/\/www.carbonne-autrement.fr\/campagne-2026\/","logo":{"@type":"ImageObject","inLanguage":"fr-FR","@id":"https:\/\/www.carbonne-autrement.fr\/campagne-2026\/#\/schema\/logo\/image\/","url":"https:\/\/www.carbonne-autrement.fr\/campagne-2026\/wp-content\/uploads\/sites\/2\/2025\/09\/carbonne-autrement-transparence.png","contentUrl":"https:\/\/www.carbonne-autrement.fr\/campagne-2026\/wp-content\/uploads\/sites\/2\/2025\/09\/carbonne-autrement-transparence.png","width":1200,"height":349,"caption":"Campagne municipales 2026"},"image":{"@id":"https:\/\/www.carbonne-autrement.fr\/campagne-2026\/#\/schema\/logo\/image\/"}}]}},"_links":{"self":[{"href":"https:\/\/www.carbonne-autrement.fr\/campagne-2026\/wp-json\/wp\/v2\/pages\/13","targetHints":{"allow":["GET"]}}],"collection":[{"href":"https:\/\/www.carbonne-autrement.fr\/campagne-2026\/wp-json\/wp\/v2\/pages"}],"about":[{"href":"https:\/\/www.carbonne-autrement.fr\/campagne-2026\/wp-json\/wp\/v2\/types\/page"}],"author":[{"embeddable":true,"href":"https:\/\/www.carbonne-autrement.fr\/campagne-2026\/wp-json\/wp\/v2\/users\/1"}],"replies":[{"embeddable":true,"href":"https:\/\/www.carbonne-autrement.fr\/campagne-2026\/wp-json\/wp\/v2\/comments?post=13"}],"version-history":[{"count":2,"href":"https:\/\/www.carbonne-autrement.fr\/campagne-2026\/wp-json\/wp\/v2\/pages\/13\/revisions"}],"predecessor-version":[{"id":79,"href":"https:\/\/www.carbonne-autrement.fr\/campagne-2026\/wp-json\/wp\/v2\/pages\/13\/revisions\/79"}],"wp:attachment":[{"href":"https:\/\/www.carbonne-autrement.fr\/campagne-2026\/wp-json\/wp\/v2\/media?parent=13"}],"curies":[{"name":"wp","href":"https:\/\/api.w.org\/{rel}","templated":true}]}}