{"id":10,"date":"2025-09-27T15:48:50","date_gmt":"2025-09-27T13:48:50","guid":{"rendered":"http:\/\/carbonx.cluster021.hosting.ovh.net\/?page_id=10"},"modified":"2025-10-07T22:06:26","modified_gmt":"2025-10-07T20:06:26","slug":"le-manifeste","status":"publish","type":"page","link":"https:\/\/www.carbonne-autrement.fr\/campagne-2026\/le-manifeste\/","title":{"rendered":"Le manifeste"},"content":{"rendered":"\n<h2 class=\"wp-block-heading\"><strong>Pourquoi nous nous unissons<\/strong>&nbsp;<\/h2>\n\n\n\n<p>Nous constatons la d\u00e9sertion des citoyens et citoyennes lors des diff\u00e9rentes \u00e9lections. Perte de confiance, d&rsquo;int\u00e9r\u00eat ou de sens ? Le propos n&rsquo;est pas d&rsquo;en nommer la cause mais nous ne pouvons nous r\u00e9soudre \u00e0 constater cette d\u00e9fiance.<\/p>\n\n\n\n<p>Nous avons donc d\u00e9cid\u00e9 de b\u00e2tir ensemble une liste citoyenne et pluraliste, compos\u00e9e :&nbsp;<\/p>\n\n\n\n<ul class=\"wp-block-list\">\n<li>de citoyennes et citoyens engag\u00e9s dans la vie locale, issus du monde associatif, \u00e9ducatif, culturel, sportif et solidaire mais aussi d&rsquo;habitantes et habitants qui souhaitent participer activement \u00e0 la vie publique.<\/li>\n\n\n\n<li>et de personnes qui ont d\u00e9j\u00e0 une exp\u00e9rience dans la gestion municipale, pr\u00eates \u00e0 mettre leur savoir-faire au service d\u2019un projet collectif.&nbsp;<\/li>\n<\/ul>\n\n\n\n<p>Notre objectif&nbsp; est de d\u00e9passer la simple gestion de la commune par la reconstruction de la confiance entre habitants et \u00e9lus.&nbsp;<\/p>\n\n\n\n<h2 class=\"wp-block-heading\"><strong>Nos valeurs communes<\/strong><strong>\u00a0<\/strong><\/h2>\n\n\n\n<p>Nous avons r\u00e9dig\u00e9 et adopt\u00e9 une charte de l\u2019\u00e9lu carbonnais, que chacun s\u2019engage \u00e0 respecter. Elle repose sur :&nbsp;<\/p>\n\n\n\n<ul class=\"wp-block-list\">\n<li><strong>L\u2019honn\u00eatet\u00e9 et la transparence :<\/strong> d\u00e9cisions accessibles, d\u00e9pourvues de n\u00e9gociations opaques , comptes rendus publics&nbsp;<\/li>\n\n\n\n<li><strong>La coop\u00e9ration :<\/strong> nous privil\u00e9gions le collectif au-dessus des ambitions personnelles.&nbsp;<\/li>\n\n\n\n<li><strong>L\u2019\u00e9coute citoyenne :<\/strong> en mettant la participation citoyenne au c\u0153ur des d\u00e9cisions importantes gr\u00e2ce \u00e0 des consultations, r\u00e9unions publiques&#8230;<\/li>\n\n\n\n<li><strong>L\u2019int\u00e9r\u00eat g\u00e9n\u00e9ral<\/strong>, l&rsquo;\u00e9cologie et la solidarit\u00e9 comme lignes directrices de notre action municipale.&nbsp;<\/li>\n<\/ul>\n\n\n\n<h2 class=\"wp-block-heading\"><strong>Nos engagements d\u00e9mocratiques<\/strong><strong>&nbsp;<\/strong><\/h2>\n\n\n\n<p>Pour que les promesses se transforment en actes, nous avons convenu ensemble de r\u00e8gles pr\u00e9cises :&nbsp;<\/p>\n\n\n\n<ul class=\"wp-block-list\">\n<li>Les adjoint\u00b7e\u00b7s et responsables de commissions seront <strong>d\u00e9sign\u00e9s collectivement<\/strong> et valid\u00e9s par l\u2019ensemble de la liste.&nbsp;<\/li>\n\n\n\n<li>Les <strong>responsabilit\u00e9s seront exerc\u00e9es en bin\u00f4mes<\/strong> comprenant au moins une personne exp\u00e9riment\u00e9e, pour encourager le partage de savoir-faire et l\u2019\u00e9mergence d\u2019id\u00e9es nouvelles.<\/li>\n\n\n\n<li><strong>Aucun cumul excessif<\/strong> de postes strat\u00e9giques qui compromettrait l\u2019efficacit\u00e9 de l&rsquo;engagement.<\/li>\n\n\n\n<li>Les engagements de la charte seront <strong>publics et consultables<\/strong> par les habitants, pour permettre \u00e0 chacun de v\u00e9rifier leur respect.&nbsp;<\/li>\n\n\n\n<li>En cas de non-respect r\u00e9p\u00e9t\u00e9 des engagements, une <strong>clause<\/strong> permet au collectif de retirer sa <strong>confiance<\/strong>.<\/li>\n<\/ul>\n\n\n\n<h2 class=\"wp-block-heading\"><strong>Notre ambition pour Carbonne&nbsp;<\/strong><\/h2>\n\n\n\n<p>Nous r\u00e9servons la pr\u00e9sentation de notre programme apr\u00e8s un processus de co-construction avec les habitants, dans les prochains mois, \u00e0 travers des ateliers citoyens et des rencontres dans les quartiers.&nbsp;<\/p>\n\n\n\n<p>Nos priorit\u00e9s s\u2019articuleront autour de trois grands axes :&nbsp;<\/p>\n\n\n\n<ol class=\"wp-block-list\">\n<li><strong>Une ville plus d\u00e9mocratique :<\/strong> place donn\u00e9e \u00e0 la parole citoyenne, transparence des d\u00e9cisions, participation directe.<\/li>\n\n\n\n<li><strong>Une ville plus \u00e9cologique :<\/strong> gestion responsable des ressources, am\u00e9nagement du cadre de vie et d\u00e9veloppement urbain en ad\u00e9quation avec les enjeux climatiques<\/li>\n\n\n\n<li><strong>Une ville plus solidaire :<\/strong> soutien aux associations, accompagnement des plus fragiles, valorisation de l\u2019\u00e9ducation, du sport et de la culture.&nbsp;<\/li>\n<\/ol>\n\n\n\n<h2 class=\"wp-block-heading\"><strong>Et maintenant&nbsp;<\/strong><\/h2>\n\n\n\n<p>Nous lan\u00e7ons aujourd\u2019hui une dynamique nouvelle : rendre aux habitantes et habitants de Carbonne le pouvoir d\u2019agir sur leur quotidien. Nous invitons toutes celles et ceux qui souhaitent participer \u00e0 cette aventure citoyenne \u00e0 nous rejoindre.&nbsp; Ensemble, faisons de notre commune un exemple de d\u00e9mocratie vivante, \u00e9cologique et solidaire.&nbsp;<\/p>\n","protected":false},"excerpt":{"rendered":"<p>Pourquoi nous nous unissons&nbsp; Nous constatons la d\u00e9sertion des citoyens et citoyennes lors des diff\u00e9rentes \u00e9lections. Perte de confiance, d&rsquo;int\u00e9r\u00eat ou de sens ? Le propos n&rsquo;est pas d&rsquo;en nommer la cause mais nous ne pouvons nous r\u00e9soudre \u00e0 constater cette d\u00e9fiance. Nous avons donc d\u00e9cid\u00e9 de b\u00e2tir ensemble une liste citoyenne et pluraliste, compos\u00e9e [&hellip;]<\/p>\n","protected":false},"author":1,"featured_media":0,"parent":0,"menu_order":0,"comment_status":"closed","ping_status":"closed","template":"","meta":{"footnotes":""},"class_list":["post-10","page","type-page","status-publish","hentry"],"yoast_head":"<!-- This site is optimized with the Yoast SEO plugin v27.2 - https:\/\/yoast.com\/product\/yoast-seo-wordpress\/ -->\n<title>Le manifeste - Campagne municipales 2026<\/title>\n<meta name=\"robots\" content=\"index, follow, max-snippet:-1, max-image-preview:large, max-video-preview:-1\" \/>\n<link rel=\"canonical\" href=\"https:\/\/www.carbonne-autrement.fr\/campagne-2026\/le-manifeste\/\" \/>\n<meta property=\"og:locale\" content=\"fr_FR\" \/>\n<meta property=\"og:type\" content=\"article\" \/>\n<meta property=\"og:title\" content=\"Le manifeste - Campagne municipales 2026\" \/>\n<meta property=\"og:description\" content=\"Pourquoi nous nous unissons&nbsp; Nous constatons la d\u00e9sertion des citoyens et citoyennes lors des diff\u00e9rentes \u00e9lections. Perte de confiance, d&rsquo;int\u00e9r\u00eat ou de sens ? Le propos n&rsquo;est pas d&rsquo;en nommer la cause mais nous ne pouvons nous r\u00e9soudre \u00e0 constater cette d\u00e9fiance. Nous avons donc d\u00e9cid\u00e9 de b\u00e2tir ensemble une liste citoyenne et pluraliste, compos\u00e9e [&hellip;]\" \/>\n<meta property=\"og:url\" content=\"https:\/\/www.carbonne-autrement.fr\/campagne-2026\/le-manifeste\/\" \/>\n<meta property=\"og:site_name\" content=\"Campagne municipales 2026\" \/>\n<meta property=\"article:modified_time\" content=\"2025-10-07T20:06:26+00:00\" \/>\n<meta name=\"twitter:card\" content=\"summary_large_image\" \/>\n<meta name=\"twitter:label1\" content=\"Dur\u00e9e de lecture estim\u00e9e\" \/>\n\t<meta name=\"twitter:data1\" content=\"3 minutes\" \/>\n<script type=\"application\/ld+json\" class=\"yoast-schema-graph\">{\"@context\":\"https:\/\/schema.org\",\"@graph\":[{\"@type\":\"WebPage\",\"@id\":\"https:\/\/www.carbonne-autrement.fr\/campagne-2026\/le-manifeste\/\",\"url\":\"https:\/\/www.carbonne-autrement.fr\/campagne-2026\/le-manifeste\/\",\"name\":\"Le manifeste - Campagne municipales 2026\",\"isPartOf\":{\"@id\":\"https:\/\/www.carbonne-autrement.fr\/campagne-2026\/#website\"},\"datePublished\":\"2025-09-27T13:48:50+00:00\",\"dateModified\":\"2025-10-07T20:06:26+00:00\",\"breadcrumb\":{\"@id\":\"https:\/\/www.carbonne-autrement.fr\/campagne-2026\/le-manifeste\/#breadcrumb\"},\"inLanguage\":\"fr-FR\",\"potentialAction\":[{\"@type\":\"ReadAction\",\"target\":[\"https:\/\/www.carbonne-autrement.fr\/campagne-2026\/le-manifeste\/\"]}]},{\"@type\":\"BreadcrumbList\",\"@id\":\"https:\/\/www.carbonne-autrement.fr\/campagne-2026\/le-manifeste\/#breadcrumb\",\"itemListElement\":[{\"@type\":\"ListItem\",\"position\":1,\"name\":\"Accueil\",\"item\":\"https:\/\/www.carbonne-autrement.fr\/campagne-2026\/\"},{\"@type\":\"ListItem\",\"position\":2,\"name\":\"Le manifeste\"}]},{\"@type\":\"WebSite\",\"@id\":\"https:\/\/www.carbonne-autrement.fr\/campagne-2026\/#website\",\"url\":\"https:\/\/www.carbonne-autrement.fr\/campagne-2026\/\",\"name\":\"Campagne municipales 2026\",\"description\":\"Liste citoyenne sans \u00e9tiquette politique\",\"publisher\":{\"@id\":\"https:\/\/www.carbonne-autrement.fr\/campagne-2026\/#organization\"},\"potentialAction\":[{\"@type\":\"SearchAction\",\"target\":{\"@type\":\"EntryPoint\",\"urlTemplate\":\"https:\/\/www.carbonne-autrement.fr\/campagne-2026\/?s={search_term_string}\"},\"query-input\":{\"@type\":\"PropertyValueSpecification\",\"valueRequired\":true,\"valueName\":\"search_term_string\"}}],\"inLanguage\":\"fr-FR\"},{\"@type\":\"Organization\",\"@id\":\"https:\/\/www.carbonne-autrement.fr\/campagne-2026\/#organization\",\"name\":\"Campagne municipales 2026\",\"url\":\"https:\/\/www.carbonne-autrement.fr\/campagne-2026\/\",\"logo\":{\"@type\":\"ImageObject\",\"inLanguage\":\"fr-FR\",\"@id\":\"https:\/\/www.carbonne-autrement.fr\/campagne-2026\/#\/schema\/logo\/image\/\",\"url\":\"https:\/\/www.carbonne-autrement.fr\/campagne-2026\/wp-content\/uploads\/sites\/2\/2025\/09\/carbonne-autrement-transparence.png\",\"contentUrl\":\"https:\/\/www.carbonne-autrement.fr\/campagne-2026\/wp-content\/uploads\/sites\/2\/2025\/09\/carbonne-autrement-transparence.png\",\"width\":1200,\"height\":349,\"caption\":\"Campagne municipales 2026\"},\"image\":{\"@id\":\"https:\/\/www.carbonne-autrement.fr\/campagne-2026\/#\/schema\/logo\/image\/\"}}]}<\/script>\n<!-- \/ Yoast SEO plugin. -->","yoast_head_json":{"title":"Le manifeste - Campagne municipales 2026","robots":{"index":"index","follow":"follow","max-snippet":"max-snippet:-1","max-image-preview":"max-image-preview:large","max-video-preview":"max-video-preview:-1"},"canonical":"https:\/\/www.carbonne-autrement.fr\/campagne-2026\/le-manifeste\/","og_locale":"fr_FR","og_type":"article","og_title":"Le manifeste - Campagne municipales 2026","og_description":"Pourquoi nous nous unissons&nbsp; Nous constatons la d\u00e9sertion des citoyens et citoyennes lors des diff\u00e9rentes \u00e9lections. Perte de confiance, d&rsquo;int\u00e9r\u00eat ou de sens ? Le propos n&rsquo;est pas d&rsquo;en nommer la cause mais nous ne pouvons nous r\u00e9soudre \u00e0 constater cette d\u00e9fiance. Nous avons donc d\u00e9cid\u00e9 de b\u00e2tir ensemble une liste citoyenne et pluraliste, compos\u00e9e [&hellip;]","og_url":"https:\/\/www.carbonne-autrement.fr\/campagne-2026\/le-manifeste\/","og_site_name":"Campagne municipales 2026","article_modified_time":"2025-10-07T20:06:26+00:00","twitter_card":"summary_large_image","twitter_misc":{"Dur\u00e9e de lecture estim\u00e9e":"3 minutes"},"schema":{"@context":"https:\/\/schema.org","@graph":[{"@type":"WebPage","@id":"https:\/\/www.carbonne-autrement.fr\/campagne-2026\/le-manifeste\/","url":"https:\/\/www.carbonne-autrement.fr\/campagne-2026\/le-manifeste\/","name":"Le manifeste - Campagne municipales 2026","isPartOf":{"@id":"https:\/\/www.carbonne-autrement.fr\/campagne-2026\/#website"},"datePublished":"2025-09-27T13:48:50+00:00","dateModified":"2025-10-07T20:06:26+00:00","breadcrumb":{"@id":"https:\/\/www.carbonne-autrement.fr\/campagne-2026\/le-manifeste\/#breadcrumb"},"inLanguage":"fr-FR","potentialAction":[{"@type":"ReadAction","target":["https:\/\/www.carbonne-autrement.fr\/campagne-2026\/le-manifeste\/"]}]},{"@type":"BreadcrumbList","@id":"https:\/\/www.carbonne-autrement.fr\/campagne-2026\/le-manifeste\/#breadcrumb","itemListElement":[{"@type":"ListItem","position":1,"name":"Accueil","item":"https:\/\/www.carbonne-autrement.fr\/campagne-2026\/"},{"@type":"ListItem","position":2,"name":"Le manifeste"}]},{"@type":"WebSite","@id":"https:\/\/www.carbonne-autrement.fr\/campagne-2026\/#website","url":"https:\/\/www.carbonne-autrement.fr\/campagne-2026\/","name":"Campagne municipales 2026","description":"Liste citoyenne sans \u00e9tiquette politique","publisher":{"@id":"https:\/\/www.carbonne-autrement.fr\/campagne-2026\/#organization"},"potentialAction":[{"@type":"SearchAction","target":{"@type":"EntryPoint","urlTemplate":"https:\/\/www.carbonne-autrement.fr\/campagne-2026\/?s={search_term_string}"},"query-input":{"@type":"PropertyValueSpecification","valueRequired":true,"valueName":"search_term_string"}}],"inLanguage":"fr-FR"},{"@type":"Organization","@id":"https:\/\/www.carbonne-autrement.fr\/campagne-2026\/#organization","name":"Campagne municipales 2026","url":"https:\/\/www.carbonne-autrement.fr\/campagne-2026\/","logo":{"@type":"ImageObject","inLanguage":"fr-FR","@id":"https:\/\/www.carbonne-autrement.fr\/campagne-2026\/#\/schema\/logo\/image\/","url":"https:\/\/www.carbonne-autrement.fr\/campagne-2026\/wp-content\/uploads\/sites\/2\/2025\/09\/carbonne-autrement-transparence.png","contentUrl":"https:\/\/www.carbonne-autrement.fr\/campagne-2026\/wp-content\/uploads\/sites\/2\/2025\/09\/carbonne-autrement-transparence.png","width":1200,"height":349,"caption":"Campagne municipales 2026"},"image":{"@id":"https:\/\/www.carbonne-autrement.fr\/campagne-2026\/#\/schema\/logo\/image\/"}}]}},"_links":{"self":[{"href":"https:\/\/www.carbonne-autrement.fr\/campagne-2026\/wp-json\/wp\/v2\/pages\/10","targetHints":{"allow":["GET"]}}],"collection":[{"href":"https:\/\/www.carbonne-autrement.fr\/campagne-2026\/wp-json\/wp\/v2\/pages"}],"about":[{"href":"https:\/\/www.carbonne-autrement.fr\/campagne-2026\/wp-json\/wp\/v2\/types\/page"}],"author":[{"embeddable":true,"href":"https:\/\/www.carbonne-autrement.fr\/campagne-2026\/wp-json\/wp\/v2\/users\/1"}],"replies":[{"embeddable":true,"href":"https:\/\/www.carbonne-autrement.fr\/campagne-2026\/wp-json\/wp\/v2\/comments?post=10"}],"version-history":[{"count":3,"href":"https:\/\/www.carbonne-autrement.fr\/campagne-2026\/wp-json\/wp\/v2\/pages\/10\/revisions"}],"predecessor-version":[{"id":251,"href":"https:\/\/www.carbonne-autrement.fr\/campagne-2026\/wp-json\/wp\/v2\/pages\/10\/revisions\/251"}],"wp:attachment":[{"href":"https:\/\/www.carbonne-autrement.fr\/campagne-2026\/wp-json\/wp\/v2\/media?parent=10"}],"curies":[{"name":"wp","href":"https:\/\/api.w.org\/{rel}","templated":true}]}}